 to base 11.
3a0998
What is 2276757 (base 9) in base 6?
42223124
Convert 19c39 (base 13) to base 6.
1025214
What is 10001010000010000100 (base 2) in base 15?
b27c0
What is 23001331 (base 4) in base 3?
2021222101
-74368 (base 13) to base 7
-1531141
Convert -6655231 (base 9) to base 5.
-1404021310
26267a (base 11) to base 15
82768
312432 (base 5) to base 2
10100001111111
-1706851 (base 9) to base 3
-1210020221201
Convert -63a237 (base 12) to base 7.
-16240312
What is 1749c1 (base 13) in base 5?
122103221
Convert 41c3d (base 14) to base 15.
320ca
Convert -66a6340 (base 11) to base 4.
-230310301023
Convert -1022021111001 (base 3) to base 13.
-1b4084
2aa328 (base 12) to base 13
1c3c97
What is -2336363 (base 10) in base 15?
-3123c8
What is -a7ce (base 15) in base 4?
-20222333
What is -2eac7 (base 16) in base 11?
-1206a6
Convert 11255331 (base 6) to base 13.
c3301
Convert -14b825 (base 15) to base 10.
-1000835
Convert -a155b1 (base 12) to base 9.
-4657717
a50409 (base 15) to base 11
448017a
753510 (base 8) to base 16
3d748
-54245 (base 14) to base 11
-129999
Convert -16835 (base 9) to base 13.
-5396
-2033010231 (base 4) to base 15
-b8989
Convert -208959 (base 12) to base 2.
-1111101001101010101
Convert 301341433 (base 5) to base 14.
233270
1585321 (base 9) to base 7
10335403
Convert -12002122212 (base 4) to base 6.
-53531330
-a4a533 (base 11) to base 13
-46c096
Convert -144421212 (base 6) to base 7.
-34445411
Convert 45a45 (base 14) to base 6.
3344141
Convert 9441a (base 14) to base 16.
57498
What is -3311130132 (base 4) in base 10?
-1005342
Convert 95734 (base 13) to base 2.
1000001101111001100
10640654 (base 7) to base 2
11100100000110110010
26457a (base 12) to base 14
125742
3c1838 (base 14) to base 16
1fb86a
Convert 21850 (base 9) to base 5.
431134
Convert -8616a (base 13) to base 15.
-4ba37
-10001001010110100 (base 2) to base 9
-116417
230422302 (base 5) to base 2
11111011011001000110
13112555 (base 6) to base 9
724288
-116065 (base 8) to base 5
-2234424
What is 2770156 (base 11) in base 8?
22152434
6868a (base 15) to base 7
2552413
What is 101000100110110010 (base 2) in base 9?
273132
Convert 4676205 (base 8) to base 3.
2101212210120
Convert -112200222 (base 3) to base 13.
-4b56
What is -3120131333 (base 4) in base 11?
-556180
What is -22040013 (base 5) in base 16?
-2e638
1007532 (base 9) to base 16
83192
Convert -10267233 (base 9) to base 7.
-60016014
What is -3131325 (base 6) in base 10?
-151973
What is -313043221 (base 5) in base 11?
-808627
What is 2697522 (base 12) in base 16?
74f32a
What is 111332300011 (base 4) in base 12?
1b1a631
-434427 (base 12) to base 6
-34454451
-1010011001110000101 (base 2) to base 5
-41401434
Convert -223340141 (base 5) to base 4.
-3303033020
-11185d (base 14) to base 4
-2031300123
What is 64862a (base 11) in base 9?
1848447
What is 2732e2 (base 15) in base 2?
111001011111100001000
Convert -20452484 (base 9) to base 11.
-5609593
What is 1014bb (base 12) in base 10?
251279
Convert -40052336 (base 7) to base 12.
-1135965
ab5 (base 13) to base 7
5234
Convert -2431255 (base 7) to base 6.
-10352054
Convert 711075 (base 9) to base 3.
210101002112
Convert -12234031 (base 5) to base 13.
-41942
Convert 24210551 (base 6) to base 5.
143413210
Convert 30020212331 (base 4) to base 13.
874b56
What is -10660749 (base 10) in base 3?
-202001121210120
Convert -580eb8 (base 15) to base 3.
-21220122110002
1008129 (base 10) to base 12
4074a9
Convert 102023122 (base 4) to base 13.
27b77
-2c4c5b (base 14) to base 8
-5723341
-2405223 (base 9) to base 15
-1ab0a6
Convert 145175 (base 11) to base 12.
ab089
What is -83b223 (base 12) in base 7?
-23420235
-2ce7b (base 15) to base 11
-99a53
5b715 (base 13) to base 2
101001000011101101
Convert 6a126 (base 14) to base 13.
9067c
What is 1562612 (base 7) in base 10?
217079
What is -30596c (base 14) in base 11?
-a12a27
7244298 (base 10) to base 5
3323304143
Convert 4240031012 (base 5) to base 13.
1acb977
-44045304 (base 6) to base 4
-11000133220
114315100 (base 6) to base 14
40772c
What is -1017b25 (base 13) in base 3?
-100011120000010
What is 113918 (base 13) in base 10?
407987
What is 33350 (base 12) in base 6?
1242140
What is 20001001202112 (base 3) in base 9?
6031675
-4956a (base 13) to base 7
-1101304
What is -2098123 (base 10) in base 12?
-852237
What is -316262 (base 7) in base 4?
-31123232
-210102121 (base 3) to base 12
-905a
Convert -221112112221 (base 3) to base 16.
-7ab9c
Convert 3772443 (base 8) to base 13.
2a801a
Convert -62765 (base 10) to base 13.
-22751
What is 4400273 (base 8) in base 11?
736478
What is -e1e4b7 (base 15) in base 10?
-10730197
What is 10001133311 (base 4) in base 16?
1017f5
Convert -65141 (base 11) to base 2.
-10111000111001011
-d426 (base 16) to base 2
-1101010000100110
Convert -1ca848 (base 14) to base 10.
-1027888
What is -161171 (base 9) in base 7?
-562321
110010011010010001 (base 2) to base 4
302122101
What is -50760 (base 12) in base 6?
-2125000
What is 1b4ac (base 16) in base 12?
54838
Convert -21412133 (base 6) to base 3.
-1012111010010
Convert -1242330414 (base 5) to base 11.
-18201a2
Convert -100111001001000000101 (base 2) to base 11.
-7a6679
21230015 (base 6) to base 5
130012404
What is 1740577 (base 8) in base 11?
31797a
224825 (base 9) to base 16
20e97
What is -510c (base 16) in base 7?
-114330
-10201100002022 (base 3) to base 7
-22533536
Convert -2425513 (base 6) to base 8.
-372425
Convert -34662354 (base 7) to base 5.
-1240313340
100011011110101101 (base 2) to base 9
241312
11303400 (base 5) to base 3
12021010001
What is -2565041 (base 8) in base 5?
-140342142
What is 8ac84 (base 14) in base 16?
52554
What is 30103311122 (base 4) in base 14?
60001c
What is 26545165 (base 7) in base 5?
1111322210
What is 10111001001111010010 (base 2) in base 8?
2711722
-1010000100110001111 (base 2) to base 3
-121202211221
Convert 207541 (base 8) to base 7.
406355
What is -5bbdd (base 15) in base 2?
-1000111100001000101
What is -12844197 (base 10) in base 5?
-11242003242
Convert 2180592 (base 10) to base 13.
5b46bb
87e91 (base 16) to base 9
1037563
What is 10121222210 (base 3) in base 12?
35410
-807a5 (base 14) to base 6
-10341501
-1131523 (base 6) to base 2
-1110010101101011
Convert -11311544 (base 6) to base 14.
-92212
What is -918688 (base 16) in base 10?
-9537160
What is 131230313021 (base 4) in base 3?
112122120021202
-12a2ff (base 16) to base 10
-1221375
Convert -442140 (base 5) to base 10.
-15295
What is -202332123 (base 4) in base 6?
-3023123
-1abd0 (base 14) to base 11
-47265
Convert 329219 (base 14) to base 11.
a718a9
What is 15266265 (base 7) in base 2?
101100100111011111011
Convert -201210113 (base 4) to base 8.
-414427
Convert -153020 (base 14) to base 13.
-1cacab
What is -56649 (base 11) in base 10?
-81970
What is -13115c (base 13) in base 15?
-911ce
What is -52406051 (base 7) in base 4?
-100313222333
Convert 2257920 (base 11) to base 14.
74b133
What is 10036 (base 12) in base 8?
50452
1135170 (base 10) to base 7
12435351
What is 62467132 (base 8) in base 12?
4539476
What is 213114301 (base 6) in base 7?
44131114
What is 873c3 (base 13) in base 12?
b9619
63d67 (base 16) to base 3
202202221202
What is 25551442 (base 7) in base 4?
20321110210
What is -100001001111010 (base 2) in base 10?
-17018
-322595 (base 12) to base 9
-1436685
3564a1 (base 14) to base 10
1822941
Convert -300000311 (base 4) to base 9.
-328682
Convert -56560714 (base 8) to base 9.
-25036363
-505145 (base 7) to base 14
-233cc
What is 2548706 (base 9) in base 12?
570a20
Convert -7285292 (base 10) to base 5.
-3331112132
Convert -1000011111100000000101 (base 2) to base 6.
-115414221
What is -1100111001000101 (base 2) in base 15?
-109a5
Convert 235046d (base 14) to base 3.
1011201212010100
Convert 186883 (base 15) to base 7.
13041216
Convert -38c5c (base 15) to base 3.
-100020012020
What is -121101000022021 (base 3) in base 10?
-8700109
What is 1502344 (base 7) in base 15?
40034
Convert a7034 (base 12) to base 14.
59dc4
13255333 (base 6) to base 14
b76d3
What is -1100001001021 (base 3) in base 11?
-444a45
What is 3503322 (base 7) in base 15?
89c69
3041430030 (base 5) to base 13
1391b76
52c7 (base 16) to base 2
101001011000111
What is -2b8973b (base 12) in base 4?
-201322303133
Convert 2245